remainder when 2067 is divided by 19.
15
What is the remainder when 63 is divided by 32?
31
Calculate the remainder when 26 is divided by 3.
2
What is the remainder when 101 is divided by 53?
48
Calculate the remainder when 419 is divided by 15.
14
What is the remainder when 103 is divided by 15?
13
Calculate the remainder when 133 is divided by 41.
10
Calculate the remainder when 105 is divided by 30.
15
Calculate the remainder when 70 is divided by 11.
4
Calculate the remainder when 42 is divided by 22.
20
Calculate the remainder when 239 is divided by 62.
53
Calculate the remainder when 1581 is divided by 159.
150
Calculate the remainder when 1957 is divided by 10.
7
What is the remainder when 28425 is divided by 233?
232
Calculate the remainder when 341 is divided by 13.
3
Calculate the remainder when 333 is divided by 67.
65
Calculate the remainder when 839 is divided by 7.
6
Calculate the remainder when 27 is divided by 15.
12
What is the remainder when 1214 is divided by 25?
14
Calculate the remainder when 950 is divided by 17.
15
Calculate the remainder when 104 is divided by 55.
49
Calculate the remainder when 578 is divided by 49.
39
What is the remainder when 27037 is divided by 13?
10
Calculate the remainder when 435 is divided by 73.
70
What is the remainder when 5224 is divided by 39?
37
Calculate the remainder when 210 is divided by 38.
20
What is the remainder when 408 is divided by 23?
17
What is the remainder when 358 is divided by 338?
20
What is the remainder when 668 is divided by 113?
103
What is the remainder when 233 is divided by 112?
9
Calculate the remainder when 189 is divided by 57.
18
Calculate the remainder when 179 is divided by 17.
9
Calculate the remainder when 136 is divided by 33.
4
Calculate the remainder when 6093 is divided by 8.
5
What is the remainder when 4074 is divided by 24?
18
Calculate the remainder when 1363 is divided by 65.
63
Calculate the remainder when 55 is divided by 16.
7
What is the remainder when 609 is divided by 133?
77
What is the remainder when 19 is divided by 4?
3
Calculate the remainder when 138 is divided by 1.
0
What is the remainder when 228 is divided by 93?
42
Calculate the remainder when 168 is divided by 25.
18
What is the remainder when 106 is divided by 54?
52
Calculate the remainder when 133 is divided by 13.
3
Calculate the remainder when 172 is divided by 91.
81
What is the remainder when 417 is divided by 87?
69
Calculate the remainder when 62 is divided by 33.
29
What is the remainder when 87 is divided by 14?
3
Calculate the remainder when 1630 is divided by 26.
18
What is the remainder when 12219 is divided by 10?
9
What is the remainder when 427 is divided by 32?
11
Calculate the remainder when 995 is divided by 214.
139
What is the remainder when 62 is divided by 32?
30
What is the remainder when 898 is divided by 29?
28
What is the remainder when 3744 is divided by 35?
34
What is the remainder when 4416 is divided by 13?
9
Calculate the remainder when 13199 is divided by 40.
39
What is the remainder when 1103 is divided by 159?
149
What is the remainder when 225 is divided by 9?
0
Calculate the remainder when 899 is divided by 18.
17
What is the remainder when 54 is divided by 14?
12
What is the remainder when 203 is divided by 24?
11
What is the remainder when 62 is divided by 55?
7
Calculate the remainder when 1310 is divided by 57.
56
Calculate the remainder when 287 is divided by 72.
71
Calculate the remainder when 478 is divided by 81.
73
What is the remainder when 317 is divided by 217?
100
Calculate the remainder when 1442 is divided by 33.
23
Calculate the remainder when 106 is divided by 24.
10
What is the remainder when 288 is divided by 62?
40
What is the remainder when 171 is divided by 88?
83
Calculate the remainder when 273 is divided by 87.
12
Calculate the remainder when 16296 is divided by 9.
6
Calculate the remainder when 109 is divided by 25.
9
What is the remainder when 73 is divided by 30?
13
What is the remainder when 279 is divided by 137?
5
Calculate the remainder when 80 is divided by 80.
0
What is the remainder when 493 is divided by 240?
13
What is the remainder when 511 is divided by 57?
55
What is the remainder when 2037 is divided by 25?
12
What is the remainder when 5407 is divided by 19?
11
Calculate the remainder when 775 is divided by 23.
16
What is the remainder when 354 is divided by 19?
12
Calculate the remainder when 4559 is divided by 1519.
2
What is the remainder when 4962 is divided by 68?
66
Calculate the remainder when 1060 is divided by 311.
127
What is the remainder when 2 is divided by 2?
0
What is the remainder when 116 is divided by 5?
1
What is the remainder when 529 is divided by 3?
1
Calculate the remainder when 1328 is divided by 186.
26
Calculate the remainder when 38 is divided by 9.
2
Calculate the remainder when 87 is divided by 19.
11
Calculate the remainder when 114 is divided by 75.
39
Calculate the remainder when 2333 is divided by 41.
37
What is the remainder when 332 is divided by 53?
14
What is the remainder when 180 is divided by 33?
15
Calculate the remainder when 794 is divided by 376.
42
What is the remainder when 1142 is divided by 70?
22
Calculate the remainder when 5983 is divided by 22.
21
What is the remainder when 521 is divided by 226?
69
What is the remainder when 313 is divided by 9?
7
Calculate the remainder when 166 is divided by 57.
52
Calculate the remainder when 1402 is divided by 4.
2
What is the remainder when 47 is divided by 26?
21
What is the remainder when 936 is divided by 14?
12
What is the remainder when 107 is divided by 100?
7
Calculate the remainder when 148 is divided by 64.
20
What is the remainder when 140 is divided by 136?
4
Calculate the remainder when 405 is divided by 58.
57
Calculate the remainder when 298 is divided by 132.
34
Calculate the remainder when 147 is divided by 122.
25
What is the remainder when 315 is divided by 79?
78
What is the remainder when 5754 is divided by 57?
54
Calculate the remainder when 571 is divided by 82.
79
What is the remainder when 438 is divided by 52?
22
What is the remainder when 325 is divided by 22?
17
What is the remainder when 84 is divided by 17?
16
What is the remainder when 445 is divided by 4?
1
Calculate the remainder when 1767 is divided by 100.
67
Calculate the remainder when 224 is divided by 79.
66
Calculate the remainder when 42 is divided by 28.
14
What is the remainder when 179 is divided by 95?
84
What is the remainder when 97 is divided by 14?
13
What is the remainder when 460 is divided by 153?
1
Calculate the remainder when 6507 is divided by 155.
152
Calculate the remainder when 334 is divided by 72.
46
What is the remainder when 293 is divided by 64?
37
What is the remainder when 955 is divided by 45?
10
Calculate the remainder when 1283 is divided by 631.
21
What is the remainder when 752 is divided by 108?
104
What is the remainder when 2796 is divided by 1396?
4
What is the remainder when 686 is divided by 219?
29
What is the remainder when 16 is divided by 6?
4
What is the remainder when 2878 is divided by 160?
158
What is the remainder when 57 is divided by 15?
12
What is the remainder when 133085 is divided by 32?
29
Calculate the remainder when 347 is divided by 88.
83
What is the remainder when 49 is divided by 32?
17
Calculate the remainder when 1721 is divided by 91.
83
Calculate the remainder when 145 is divided by 39.
28
Calculate the remainder when 3 is divided by 3.
0
What is the remainder when 91 is divided by 17?
6
What is the remainder when 526 is divided by 17?
16
Calculate the remainder when 37 is divided by 14.
9
What is the remainder when 124 is divided by 25?
24
What is the remainder when 12136 is divided by 28?
12
Calculate the remainder when 397 is divided by 68.
57
What is the remainder when 23 is divided by 7?
2
What is the remainder when 130 is divided by 12?
10
What is the remainder when 386 is divided by 18?
8
Calculate the remainder when 276 is divided by 273.
3
What is the remainder when 1475 is divided by 303?
263
Calculate the remainder when 226 is divided by 6.
4
Calculate the remainder when 101 is divided by 61.
40
Calculate the remainder when 551 is divided by 229